{"id":111,"date":"2020-06-29T11:45:48","date_gmt":"2020-06-29T11:45:48","guid":{"rendered":"https:\/\/stockholm66.qodeinteractive.com\/?page_id=111"},"modified":"2026-03-02T15:02:55","modified_gmt":"2026-03-02T14:02:55","slug":"contact","status":"publish","type":"page","link":"https:\/\/www.hoppes.hamburg\/?page_id=111","title":{"rendered":"Kontakt"},"content":{"rendered":"\t\t<div data-elementor-type=\"wp-page\" data-elementor-id=\"111\" class=\"elementor elementor-111\">\n\t\t\t\t\t\t<div class=\"elementor-inner\">\n\t\t\t\t<div class=\"elementor-section-wrap\">\n\t\t\t\t\t\t\t\t\t<section class=\"elementor-section elementor-top-section elementor-element elementor-element-4d99a6d elementor-section-full_width elementor-section-height-default elementor-section-height-default parallax_section_no qode_elementor_container_no qode-content-aligment-left\" data-id=\"4d99a6d\" data-element_type=\"section\" data-settings=\"{&quot;background_background&quot;:&quot;classic&quot;}\">\n\t\t\t\t\t\t<div class=\"elementor-container elementor-column-gap-default\">\n\t\t\t\t\t\t\t<div class=\"elementor-row\">\n\t\t\t\t\t<div class=\"elementor-column elementor-col-100 elementor-top-column elementor-element elementor-element-7688932\" data-id=\"7688932\" data-element_type=\"column\">\n\t\t\t<div class=\"elementor-column-wrap elementor-element-populated\">\n\t\t\t\t\t\t\t<div class=\"elementor-widget-wrap\">\n\t\t\t\t\t\t<div class=\"elementor-element elementor-element-8dfca32 elementor-widget elementor-widget-image\" data-id=\"8dfca32\" data-element_type=\"widget\" data-widget_type=\"image.default\">\n\t\t\t\t<div class=\"elementor-widget-container\">\n\t\t\t\t\t\t\t\t<div class=\"elementor-image\">\n\t\t\t\t\t\t\t\t\t\t\t\t<img loading=\"lazy\" decoding=\"async\" width=\"1024\" height=\"355\" src=\"https:\/\/www.hoppes.hamburg\/wp-content\/uploads\/2020\/11\/RestaurantHoppe_-4_platzhalter.jpg-1024x355.png\" class=\"attachment-large size-large\" alt=\"\" srcset=\"https:\/\/www.hoppes.hamburg\/wp-content\/uploads\/2020\/11\/RestaurantHoppe_-4_platzhalter.jpg-1024x355.png 1024w, https:\/\/www.hoppes.hamburg\/wp-content\/uploads\/2020\/11\/RestaurantHoppe_-4_platzhalter.jpg-300x104.png 300w, https:\/\/www.hoppes.hamburg\/wp-content\/uploads\/2020\/11\/RestaurantHoppe_-4_platzhalter.jpg-768x266.png 768w, https:\/\/www.hoppes.hamburg\/wp-content\/uploads\/2020\/11\/RestaurantHoppe_-4_platzhalter.jpg-1536x532.png 1536w, https:\/\/www.hoppes.hamburg\/wp-content\/uploads\/2020\/11\/RestaurantHoppe_-4_platzhalter.jpg-2048x709.png 2048w, https:\/\/www.hoppes.hamburg\/wp-content\/uploads\/2020\/11\/RestaurantHoppe_-4_platzhalter.jpg-700x242.png 700w, https:\/\/www.hoppes.hamburg\/wp-content\/uploads\/2020\/11\/RestaurantHoppe_-4_platzhalter.jpg-1100x381.png 1100w\" sizes=\"auto, (max-width: 1024px) 100vw, 1024px\" \/>\t\t\t\t\t\t\t\t\t\t\t\t\t\t<\/div>\n\t\t\t\t\t\t<\/div>\n\t\t\t\t<\/div>\n\t\t\t\t\t\t<\/div>\n\t\t\t\t\t<\/div>\n\t\t<\/div>\n\t\t\t\t\t\t\t\t<\/div>\n\t\t\t\t\t<\/div>\n\t\t<\/section>\n\t\t\t\t<section class=\"elementor-section elementor-top-section elementor-element elementor-element-4e6d796 qode_elementor_container_inner elementor-section-boxed elementor-section-height-default elementor-section-height-default parallax_section_no qode-content-aligment-left\" data-id=\"4e6d796\" data-element_type=\"section\">\n\t\t\t\t\t\t<div class=\"elementor-container elementor-column-gap-default\">\n\t\t\t\t\t\t\t<div class=\"elementor-row\">\n\t\t\t\t\t<div class=\"elementor-column elementor-col-50 elementor-top-column elementor-element elementor-element-88ca6ce\" data-id=\"88ca6ce\" data-element_type=\"column\">\n\t\t\t<div class=\"elementor-column-wrap elementor-element-populated\">\n\t\t\t\t\t\t\t<div class=\"elementor-widget-wrap\">\n\t\t\t\t\t\t<div class=\"elementor-element elementor-element-d9eedbc elementor-widget elementor-widget-heading\" data-id=\"d9eedbc\" data-element_type=\"widget\" data-widget_type=\"heading.default\">\n\t\t\t\t<div class=\"elementor-widget-container\">\n\t\t\t<h2 class=\"elementor-heading-title elementor-size-default\">Schreiben Sie Uns<\/h2>\t\t<\/div>\n\t\t\t\t<\/div>\n\t\t\t\t<div class=\"elementor-element elementor-element-182f149 elementor-widget elementor-widget-heading\" data-id=\"182f149\" data-element_type=\"widget\" data-widget_type=\"heading.default\">\n\t\t\t\t<div class=\"elementor-widget-container\">\n\t\t\t<h3 class=\"elementor-heading-title elementor-size-default\">Hoppe'S Restaurant<\/h3>\t\t<\/div>\n\t\t\t\t<\/div>\n\t\t\t\t<div class=\"elementor-element elementor-element-94b40e9 elementor-widget elementor-widget-text-editor\" data-id=\"94b40e9\" data-element_type=\"widget\" data-widget_type=\"text-editor.default\">\n\t\t\t\t<div class=\"elementor-widget-container\">\n\t\t\t\t\t\t\t\t<div class=\"elementor-text-editor elementor-clearfix\">\n\t\t\t\t<p><br><\/p><p>\u00d6velg\u00f6nne 6<\/p>\n<p>22605 Hamburg<\/p><p><br><\/p>\n<p><span style=\"color: #717171;\"><a style=\"color: #717171;\" href=\"tel:040 8800445\"> 040 8800445<\/a><\/span><\/p>\n<p><span style=\"color: #717171;\"><a style=\"color: #717171;\" href=\"mailto:info@hoppes.hamburg\">info@hoppes.hamburg<\/a><\/span><\/p>\n<p><span style=\"color: #717171;\"><a style=\"color: #717171;\" href=\"https:\/\/www.hoppes.hamburg\">www.hoppes.hamburg<\/a><\/span><\/p><p><br><\/p>\n<p>Reservieren Sie Ihren Tisch ganz einfach<\/p>\n<p><strong>per WhatsApp an <a style=\"color: #717171;\" href=\"https:\/\/wa.me\/491728624727\" target=\"_blank\" rel=\"noopener\">0172 8624727<\/a><\/strong><\/p><p><br><\/p>\n<p>Anfragen f\u00fcr gr\u00f6\u00dfere Gruppen gerne \u00fcber das Kontaktformular<\/p>\n<p>oder direkt per Mail an <a style=\"color: #717171;\" href=\"mailto:reservierung@hoppes.hamburg\">reservierung@hoppes.hamburg<\/a><\/p><p><br><\/p>\n<p><span style=\"color: #717171;\">Sie finden uns in unmittelbarer N\u00e4he des Museumshafens \u00d6velg\u00f6nne und erreichen uns auch bequem mit den \u00f6ffentlichen Verkehrsmitteln.<\/span><\/p><p><span style=\"color: #717171;\"><br><\/span><\/p>\t\t\t\t\t<\/div>\n\t\t\t\t\t\t<\/div>\n\t\t\t\t<\/div>\n\t\t\t\t<div class=\"elementor-element elementor-element-1351a70 elementor-widget__width-auto elementor-widget elementor-widget-qbutton\" data-id=\"1351a70\" data-element_type=\"widget\" data-widget_type=\"qbutton.default\">\n\t\t\t\t<div class=\"elementor-widget-container\">\n\t\t\t<a href=\"https:\/\/goo.gl\/maps\/zEDYVWxQCoCv8kJM9\" target=\"_blank\"  class=\"qbutton  underlined\" style=\"\">Anfahrt (Google Maps)<span class=\"qode-underlined-button-span\" style=\"\"><\/span><\/a>\t\t<\/div>\n\t\t\t\t<\/div>\n\t\t\t\t\t\t<\/div>\n\t\t\t\t\t<\/div>\n\t\t<\/div>\n\t\t\t\t<div class=\"elementor-column elementor-col-50 elementor-top-column elementor-element elementor-element-75ee947\" data-id=\"75ee947\" data-element_type=\"column\">\n\t\t\t<div class=\"elementor-column-wrap elementor-element-populated\">\n\t\t\t\t\t\t\t<div class=\"elementor-widget-wrap\">\n\t\t\t\t\t\t<div class=\"elementor-element elementor-element-f445703 elementor-widget elementor-widget-stockholm_cf_7\" data-id=\"f445703\" data-element_type=\"widget\" data-widget_type=\"stockholm_cf_7.default\">\n\t\t\t\t<div class=\"elementor-widget-container\">\n\t\t\t    <div class=\"qode-contact-form-7 qode-contact-form-7-0\">\n    <div role=\"form\" class=\"wpcf7\" id=\"wpcf7-f118-o1\" lang=\"en-US\" dir=\"ltr\">\n<div class=\"screen-reader-response\"><p role=\"status\" aria-live=\"polite\" aria-atomic=\"true\"><\/p> <ul><\/ul><\/div>\n<form action=\"\/index.php?rest_route=%2Fwp%2Fv2%2Fpages%2F111#wpcf7-f118-o1\" method=\"post\" class=\"wpcf7-form init cf7_custom_style_1\" novalidate=\"novalidate\" data-status=\"init\">\n<div style=\"display: none;\">\n<input type=\"hidden\" name=\"_wpcf7\" value=\"118\" \/>\n<input type=\"hidden\" name=\"_wpcf7_version\" value=\"5.6.3\" \/>\n<input type=\"hidden\" name=\"_wpcf7_locale\" value=\"en_US\" \/>\n<input type=\"hidden\" name=\"_wpcf7_unit_tag\" value=\"wpcf7-f118-o1\" \/>\n<input type=\"hidden\" name=\"_wpcf7_container_post\" value=\"0\" \/>\n<input type=\"hidden\" name=\"_wpcf7_posted_data_hash\" value=\"\" \/>\n<\/div>\n<div class=\"two_columns_50_50 clearfix\">\n<div class=\"column1\">\n<div class=\"column_inner\">\n<span class=\"wpcf7-form-control-wrap\" data-name=\"first-name\"><input type=\"text\" name=\"first-name\" value=\"\" size=\"40\" class=\"wpcf7-form-control wpcf7-text wpcf7-validates-as-required\" aria-required=\"true\" aria-invalid=\"false\" placeholder=\"Name\" \/><\/span>\n<\/div>\n<\/div>\n<div class=\"column2\">\n<div class=\"column_inner\">\n <span class=\"wpcf7-form-control-wrap\" data-name=\"your-email\"><input type=\"email\" name=\"your-email\" value=\"\" size=\"40\" class=\"wpcf7-form-control wpcf7-text wpcf7-email wpcf7-validates-as-required wpcf7-validates-as-email\" aria-required=\"true\" aria-invalid=\"false\" placeholder=\"Email\" \/><\/span>\n<\/div>\n<\/div>\n<\/div>\n<div><span class=\"wpcf7-form-control-wrap\" data-name=\"your-message\"><textarea name=\"your-message\" cols=\"40\" rows=\"10\" class=\"wpcf7-form-control wpcf7-textarea wpcf7-validates-as-required\" aria-required=\"true\" aria-invalid=\"false\" placeholder=\"Nachricht\"><\/textarea><\/span><\/div>\n<div><input type=\"submit\" value=\"Senden\" class=\"wpcf7-form-control has-spinner wpcf7-submit\" \/><\/div>\n<input type='hidden' class='wpcf7-pum' value='{\"closepopup\":false,\"closedelay\":0,\"openpopup\":false,\"openpopup_id\":0}' \/><div class=\"wpcf7-response-output\" aria-hidden=\"true\"><\/div><\/form><\/div>    <\/div>\n\t\t<\/div>\n\t\t\t\t<\/div>\n\t\t\t\t\t\t<\/div>\n\t\t\t\t\t<\/div>\n\t\t<\/div>\n\t\t\t\t\t\t\t\t<\/div>\n\t\t\t\t\t<\/div>\n\t\t<\/section>\n\t\t\t\t<section class=\"elementor-section elementor-top-section elementor-element elementor-element-e1ee173 elementor-section-full_width elementor-section-height-default elementor-section-height-default parallax_section_no qode_elementor_container_no qode-content-aligment-left\" data-id=\"e1ee173\" data-element_type=\"section\">\n\t\t\t\t\t\t<div class=\"elementor-container elementor-column-gap-no\">\n\t\t\t\t\t\t\t<div class=\"elementor-row\">\n\t\t\t\t\t<div class=\"elementor-column elementor-col-100 elementor-top-column elementor-element elementor-element-b7a46b3\" data-id=\"b7a46b3\" data-element_type=\"column\">\n\t\t\t<div class=\"elementor-column-wrap elementor-element-populated\">\n\t\t\t\t\t\t\t<div class=\"elementor-widget-wrap\">\n\t\t\t\t\t\t<div class=\"elementor-element elementor-element-e0cc776 elementor-widget elementor-widget-image\" data-id=\"e0cc776\" data-element_type=\"widget\" data-widget_type=\"image.default\">\n\t\t\t\t<div class=\"elementor-widget-container\">\n\t\t\t\t\t\t\t\t<div class=\"elementor-image\">\n\t\t\t\t\t\t\t\t\t\t\t\t<img loading=\"lazy\" decoding=\"async\" width=\"2560\" height=\"971\" src=\"https:\/\/www.hoppes.hamburg\/wp-content\/uploads\/2020\/11\/RestaurantHoppe_-167-scaled.jpg\" class=\"attachment-full size-full\" alt=\"\" srcset=\"https:\/\/www.hoppes.hamburg\/wp-content\/uploads\/2020\/11\/RestaurantHoppe_-167-scaled.jpg 2560w, https:\/\/www.hoppes.hamburg\/wp-content\/uploads\/2020\/11\/RestaurantHoppe_-167-300x114.jpg 300w, https:\/\/www.hoppes.hamburg\/wp-content\/uploads\/2020\/11\/RestaurantHoppe_-167-1024x389.jpg 1024w, https:\/\/www.hoppes.hamburg\/wp-content\/uploads\/2020\/11\/RestaurantHoppe_-167-768x291.jpg 768w, https:\/\/www.hoppes.hamburg\/wp-content\/uploads\/2020\/11\/RestaurantHoppe_-167-1536x583.jpg 1536w, https:\/\/www.hoppes.hamburg\/wp-content\/uploads\/2020\/11\/RestaurantHoppe_-167-2048x777.jpg 2048w, https:\/\/www.hoppes.hamburg\/wp-content\/uploads\/2020\/11\/RestaurantHoppe_-167-700x266.jpg 700w, https:\/\/www.hoppes.hamburg\/wp-content\/uploads\/2020\/11\/RestaurantHoppe_-167-1100x417.jpg 1100w\" sizes=\"auto, (max-width: 2560px) 100vw, 2560px\" \/>\t\t\t\t\t\t\t\t\t\t\t\t\t\t<\/div>\n\t\t\t\t\t\t<\/div>\n\t\t\t\t<\/div>\n\t\t\t\t\t\t<\/div>\n\t\t\t\t\t<\/div>\n\t\t<\/div>\n\t\t\t\t\t\t\t\t<\/div>\n\t\t\t\t\t<\/div>\n\t\t<\/section>\n\t\t\t\t<section class=\"elementor-section elementor-top-section elementor-element elementor-element-8ce787e qode_elementor_container_inner elementor-section-boxed elementor-section-height-default elementor-section-height-default parallax_section_no qode-content-aligment-left\" data-id=\"8ce787e\" data-element_type=\"section\">\n\t\t\t\t\t\t<div class=\"elementor-container elementor-column-gap-default\">\n\t\t\t\t\t\t\t<div class=\"elementor-row\">\n\t\t\t\t\t<div class=\"elementor-column elementor-col-100 elementor-top-column elementor-element elementor-element-82ca08d\" data-id=\"82ca08d\" data-element_type=\"column\">\n\t\t\t<div class=\"elementor-column-wrap elementor-element-populated\">\n\t\t\t\t\t\t\t<div class=\"elementor-widget-wrap\">\n\t\t\t\t\t\t<div class=\"elementor-element elementor-element-a6ca8b5 elementor-widget elementor-widget-heading\" data-id=\"a6ca8b5\" data-element_type=\"widget\" data-widget_type=\"heading.default\">\n\t\t\t\t<div class=\"elementor-widget-container\">\n\t\t\t<h2 class=\"elementor-heading-title elementor-size-default\">\u00d6ffnungszeiten<\/h2>\t\t<\/div>\n\t\t\t\t<\/div>\n\t\t\t\t<section class=\"elementor-section elementor-inner-section elementor-element elementor-element-e9c782d elementor-section-boxed elementor-section-height-default elementor-section-height-default parallax_section_no qode_elementor_container_no qode-content-aligment-left\" data-id=\"e9c782d\" data-element_type=\"section\">\n\t\t\t\t\t\t<div class=\"elementor-container elementor-column-gap-default\">\n\t\t\t\t\t\t\t<div class=\"elementor-row\">\n\t\t\t\t\t<div class=\"elementor-column elementor-col-50 elementor-inner-column elementor-element elementor-element-7eeaf36\" data-id=\"7eeaf36\" data-element_type=\"column\">\n\t\t\t<div class=\"elementor-column-wrap elementor-element-populated\">\n\t\t\t\t\t\t\t<div class=\"elementor-widget-wrap\">\n\t\t\t\t\t\t<div class=\"elementor-element elementor-element-75b7758 elementor-widget elementor-widget-text-editor\" data-id=\"75b7758\" data-element_type=\"widget\" data-widget_type=\"text-editor.default\">\n\t\t\t\t<div class=\"elementor-widget-container\">\n\t\t\t\t\t\t\t\t<div class=\"elementor-text-editor elementor-clearfix\">\n\t\t\t\t\t\t\t\t\t<\/div>\n\t\t\t\t\t\t<\/div>\n\t\t\t\t<\/div>\n\t\t\t\t<div class=\"elementor-element elementor-element-8e6a97f elementor-widget elementor-widget-text-editor\" data-id=\"8e6a97f\" data-element_type=\"widget\" data-widget_type=\"text-editor.default\">\n\t\t\t\t<div class=\"elementor-widget-container\">\n\t\t\t\t\t\t\t\t<div class=\"elementor-text-editor elementor-clearfix\">\n\t\t\t\t<p>Dienstag bis Samstag<\/p>\n<p>von 12:00 &#8211; 21.30 Uhr<\/p>\n<p>K\u00fcchenschluss 20.30 Uhr&nbsp;<\/p>\n<p>Sonntag<\/p>\n<p>von 12:00 &#8211;&nbsp; 21.00 Uhr<\/p>\n<p>K\u00fcchenschluss 19.30 Uhr<\/p>\n<p>Montags Ruhetag<\/p>\t\t\t\t\t<\/div>\n\t\t\t\t\t\t<\/div>\n\t\t\t\t<\/div>\n\t\t\t\t\t\t<\/div>\n\t\t\t\t\t<\/div>\n\t\t<\/div>\n\t\t\t\t<div class=\"elementor-column elementor-col-50 elementor-inner-column elementor-element elementor-element-527d758\" data-id=\"527d758\" data-element_type=\"column\">\n\t\t\t<div class=\"elementor-column-wrap elementor-element-populated\">\n\t\t\t\t\t\t\t<div class=\"elementor-widget-wrap\">\n\t\t\t\t\t\t<div class=\"elementor-element elementor-element-217b1ba elementor-widget elementor-widget-text-editor\" data-id=\"217b1ba\" data-element_type=\"widget\" data-widget_type=\"text-editor.default\">\n\t\t\t\t<div class=\"elementor-widget-container\">\n\t\t\t\t\t\t\t\t<div class=\"elementor-text-editor elementor-clearfix\">\n\t\t\t\t\t\t\t\t\t<\/div>\n\t\t\t\t\t\t<\/div>\n\t\t\t\t<\/div>\n\t\t\t\t\t\t<\/div>\n\t\t\t\t\t<\/div>\n\t\t<\/div>\n\t\t\t\t\t\t\t\t<\/div>\n\t\t\t\t\t<\/div>\n\t\t<\/section>\n\t\t\t\t\t\t<\/div>\n\t\t\t\t\t<\/div>\n\t\t<\/div>\n\t\t\t\t\t\t\t\t<\/div>\n\t\t\t\t\t<\/div>\n\t\t<\/section>\n\t\t\t\t<section class=\"elementor-section elementor-top-section elementor-element elementor-element-eed7c85 elementor-section-full_width elementor-section-height-default elementor-section-height-default parallax_section_no qode_elementor_container_no qode-content-aligment-left\" data-id=\"eed7c85\" data-element_type=\"section\">\n\t\t\t\t\t\t<div class=\"elementor-container elementor-column-gap-no\">\n\t\t\t\t\t\t\t<div class=\"elementor-row\">\n\t\t\t\t\t<div class=\"elementor-column elementor-col-25 elementor-top-column elementor-element elementor-element-3300be2\" data-id=\"3300be2\" data-element_type=\"column\">\n\t\t\t<div class=\"elementor-column-wrap elementor-element-populated\">\n\t\t\t\t\t\t\t<div class=\"elementor-widget-wrap\">\n\t\t\t\t\t\t<div class=\"elementor-element elementor-element-2f568fe elementor-widget elementor-widget-image\" data-id=\"2f568fe\" data-element_type=\"widget\" data-widget_type=\"image.default\">\n\t\t\t\t<div class=\"elementor-widget-container\">\n\t\t\t\t\t\t\t\t<div class=\"elementor-image\">\n\t\t\t\t\t\t\t\t\t\t\t\t<img loading=\"lazy\" decoding=\"async\" width=\"1024\" height=\"921\" src=\"https:\/\/www.hoppes.hamburg\/wp-content\/uploads\/2020\/11\/RestaurantHoppe_-91-1024x921.jpg\" class=\"attachment-large size-large\" alt=\"\" srcset=\"https:\/\/www.hoppes.hamburg\/wp-content\/uploads\/2020\/11\/RestaurantHoppe_-91-1024x921.jpg 1024w, https:\/\/www.hoppes.hamburg\/wp-content\/uploads\/2020\/11\/RestaurantHoppe_-91-300x270.jpg 300w, https:\/\/www.hoppes.hamburg\/wp-content\/uploads\/2020\/11\/RestaurantHoppe_-91-768x691.jpg 768w, https:\/\/www.hoppes.hamburg\/wp-content\/uploads\/2020\/11\/RestaurantHoppe_-91-1536x1382.jpg 1536w, https:\/\/www.hoppes.hamburg\/wp-content\/uploads\/2020\/11\/RestaurantHoppe_-91-2048x1843.jpg 2048w, https:\/\/www.hoppes.hamburg\/wp-content\/uploads\/2020\/11\/RestaurantHoppe_-91-700x630.jpg 700w, https:\/\/www.hoppes.hamburg\/wp-content\/uploads\/2020\/11\/RestaurantHoppe_-91-125x112.jpg 125w, https:\/\/www.hoppes.hamburg\/wp-content\/uploads\/2020\/11\/RestaurantHoppe_-91-1100x990.jpg 1100w\" sizes=\"auto, (max-width: 1024px) 100vw, 1024px\" \/>\t\t\t\t\t\t\t\t\t\t\t\t\t\t<\/div>\n\t\t\t\t\t\t<\/div>\n\t\t\t\t<\/div>\n\t\t\t\t\t\t<\/div>\n\t\t\t\t\t<\/div>\n\t\t<\/div>\n\t\t\t\t<div class=\"elementor-column elementor-col-25 elementor-top-column elementor-element elementor-element-90843a9\" data-id=\"90843a9\" data-element_type=\"column\">\n\t\t\t<div class=\"elementor-column-wrap elementor-element-populated\">\n\t\t\t\t\t\t\t<div class=\"elementor-widget-wrap\">\n\t\t\t\t\t\t<div class=\"elementor-element elementor-element-2cef205 elementor-widget elementor-widget-image\" data-id=\"2cef205\" data-element_type=\"widget\" data-widget_type=\"image.default\">\n\t\t\t\t<div class=\"elementor-widget-container\">\n\t\t\t\t\t\t\t\t<div class=\"elementor-image\">\n\t\t\t\t\t\t\t\t\t\t\t\t<img loading=\"lazy\" decoding=\"async\" width=\"1024\" height=\"921\" src=\"https:\/\/www.hoppes.hamburg\/wp-content\/uploads\/2020\/11\/RestaurantHoppe_-85-1024x921.jpg\" class=\"attachment-large size-large\" alt=\"\" srcset=\"https:\/\/www.hoppes.hamburg\/wp-content\/uploads\/2020\/11\/RestaurantHoppe_-85-1024x921.jpg 1024w, https:\/\/www.hoppes.hamburg\/wp-content\/uploads\/2020\/11\/RestaurantHoppe_-85-300x270.jpg 300w, https:\/\/www.hoppes.hamburg\/wp-content\/uploads\/2020\/11\/RestaurantHoppe_-85-768x691.jpg 768w, https:\/\/www.hoppes.hamburg\/wp-content\/uploads\/2020\/11\/RestaurantHoppe_-85-1536x1382.jpg 1536w, https:\/\/www.hoppes.hamburg\/wp-content\/uploads\/2020\/11\/RestaurantHoppe_-85-2048x1843.jpg 2048w, https:\/\/www.hoppes.hamburg\/wp-content\/uploads\/2020\/11\/RestaurantHoppe_-85-700x630.jpg 700w, https:\/\/www.hoppes.hamburg\/wp-content\/uploads\/2020\/11\/RestaurantHoppe_-85-125x112.jpg 125w, https:\/\/www.hoppes.hamburg\/wp-content\/uploads\/2020\/11\/RestaurantHoppe_-85-1100x990.jpg 1100w\" sizes=\"auto, (max-width: 1024px) 100vw, 1024px\" \/>\t\t\t\t\t\t\t\t\t\t\t\t\t\t<\/div>\n\t\t\t\t\t\t<\/div>\n\t\t\t\t<\/div>\n\t\t\t\t\t\t<\/div>\n\t\t\t\t\t<\/div>\n\t\t<\/div>\n\t\t\t\t<div class=\"elementor-column elementor-col-25 elementor-top-column elementor-element elementor-element-9bf5127\" data-id=\"9bf5127\" data-element_type=\"column\">\n\t\t\t<div class=\"elementor-column-wrap elementor-element-populated\">\n\t\t\t\t\t\t\t<div class=\"elementor-widget-wrap\">\n\t\t\t\t\t\t<div class=\"elementor-element elementor-element-6d659ad elementor-widget elementor-widget-image\" data-id=\"6d659ad\" data-element_type=\"widget\" data-widget_type=\"image.default\">\n\t\t\t\t<div class=\"elementor-widget-container\">\n\t\t\t\t\t\t\t\t<div class=\"elementor-image\">\n\t\t\t\t\t\t\t\t\t\t\t\t<img loading=\"lazy\" decoding=\"async\" width=\"1024\" height=\"921\" src=\"https:\/\/www.hoppes.hamburg\/wp-content\/uploads\/2020\/11\/RestaurantHoppe_-186-1024x921.jpg\" class=\"attachment-large size-large\" alt=\"\" srcset=\"https:\/\/www.hoppes.hamburg\/wp-content\/uploads\/2020\/11\/RestaurantHoppe_-186-1024x921.jpg 1024w, https:\/\/www.hoppes.hamburg\/wp-content\/uploads\/2020\/11\/RestaurantHoppe_-186-300x270.jpg 300w, https:\/\/www.hoppes.hamburg\/wp-content\/uploads\/2020\/11\/RestaurantHoppe_-186-768x691.jpg 768w, https:\/\/www.hoppes.hamburg\/wp-content\/uploads\/2020\/11\/RestaurantHoppe_-186-1536x1382.jpg 1536w, https:\/\/www.hoppes.hamburg\/wp-content\/uploads\/2020\/11\/RestaurantHoppe_-186-2048x1843.jpg 2048w, https:\/\/www.hoppes.hamburg\/wp-content\/uploads\/2020\/11\/RestaurantHoppe_-186-700x630.jpg 700w, https:\/\/www.hoppes.hamburg\/wp-content\/uploads\/2020\/11\/RestaurantHoppe_-186-125x112.jpg 125w, https:\/\/www.hoppes.hamburg\/wp-content\/uploads\/2020\/11\/RestaurantHoppe_-186-1100x990.jpg 1100w\" sizes=\"auto, (max-width: 1024px) 100vw, 1024px\" \/>\t\t\t\t\t\t\t\t\t\t\t\t\t\t<\/div>\n\t\t\t\t\t\t<\/div>\n\t\t\t\t<\/div>\n\t\t\t\t\t\t<\/div>\n\t\t\t\t\t<\/div>\n\t\t<\/div>\n\t\t\t\t<div class=\"elementor-column elementor-col-25 elementor-top-column elementor-element elementor-element-8352771\" data-id=\"8352771\" data-element_type=\"column\">\n\t\t\t<div class=\"elementor-column-wrap elementor-element-populated\">\n\t\t\t\t\t\t\t<div class=\"elementor-widget-wrap\">\n\t\t\t\t\t\t<div class=\"elementor-element elementor-element-528a0c2 elementor-widget elementor-widget-image\" data-id=\"528a0c2\" data-element_type=\"widget\" data-widget_type=\"image.default\">\n\t\t\t\t<div class=\"elementor-widget-container\">\n\t\t\t\t\t\t\t\t<div class=\"elementor-image\">\n\t\t\t\t\t\t\t\t\t\t\t\t<img loading=\"lazy\" decoding=\"async\" width=\"1024\" height=\"921\" src=\"https:\/\/www.hoppes.hamburg\/wp-content\/uploads\/2020\/11\/RestaurantHoppe_-332-1024x921.jpg\" class=\"attachment-large size-large\" alt=\"\" srcset=\"https:\/\/www.hoppes.hamburg\/wp-content\/uploads\/2020\/11\/RestaurantHoppe_-332-1024x921.jpg 1024w, https:\/\/www.hoppes.hamburg\/wp-content\/uploads\/2020\/11\/RestaurantHoppe_-332-300x270.jpg 300w, https:\/\/www.hoppes.hamburg\/wp-content\/uploads\/2020\/11\/RestaurantHoppe_-332-768x691.jpg 768w, https:\/\/www.hoppes.hamburg\/wp-content\/uploads\/2020\/11\/RestaurantHoppe_-332-1536x1382.jpg 1536w, https:\/\/www.hoppes.hamburg\/wp-content\/uploads\/2020\/11\/RestaurantHoppe_-332-2048x1843.jpg 2048w, https:\/\/www.hoppes.hamburg\/wp-content\/uploads\/2020\/11\/RestaurantHoppe_-332-700x630.jpg 700w, https:\/\/www.hoppes.hamburg\/wp-content\/uploads\/2020\/11\/RestaurantHoppe_-332-125x112.jpg 125w, https:\/\/www.hoppes.hamburg\/wp-content\/uploads\/2020\/11\/RestaurantHoppe_-332-1100x990.jpg 1100w\" sizes=\"auto, (max-width: 1024px) 100vw, 1024px\" \/>\t\t\t\t\t\t\t\t\t\t\t\t\t\t<\/div>\n\t\t\t\t\t\t<\/div>\n\t\t\t\t<\/div>\n\t\t\t\t\t\t<\/div>\n\t\t\t\t\t<\/div>\n\t\t<\/div>\n\t\t\t\t\t\t\t\t<\/div>\n\t\t\t\t\t<\/div>\n\t\t<\/section>\n\t\t\t\t\t\t\t\t\t<\/div>\n\t\t\t<\/div>\n\t\t\t\t\t<\/div>\n\t\t","protected":false},"excerpt":{"rendered":"<p>Schreiben Sie Uns Hoppe&#8217;S Restaurant \u00d6velg\u00f6nne 6 22605 Hamburg 040 8800445 info@hoppes.hamburg www.hoppes.hamburg Reservieren Sie Ihren Tisch ganz einfach per WhatsApp an 0172 8624727 Anfragen f\u00fcr gr\u00f6\u00dfere Gruppen gerne \u00fcber das Kontaktformular oder direkt per Mail an reservierung@hoppes.hamburg Sie finden uns in unmittelbarer N\u00e4he des&#8230;<\/p>\n","protected":false},"author":1,"featured_media":0,"parent":0,"menu_order":0,"comment_status":"closed","ping_status":"closed","template":"full_width.php","meta":{"footnotes":""},"class_list":["post-111","page","type-page","status-publish","hentry"],"_links":{"self":[{"href":"https:\/\/www.hoppes.hamburg\/index.php?rest_route=\/wp\/v2\/pages\/111","targetHints":{"allow":["GET"]}}],"collection":[{"href":"https:\/\/www.hoppes.hamburg\/index.php?rest_route=\/wp\/v2\/pages"}],"about":[{"href":"https:\/\/www.hoppes.hamburg\/index.php?rest_route=\/wp\/v2\/types\/page"}],"author":[{"embeddable":true,"href":"https:\/\/www.hoppes.hamburg\/index.php?rest_route=\/wp\/v2\/users\/1"}],"replies":[{"embeddable":true,"href":"https:\/\/www.hoppes.hamburg\/index.php?rest_route=%2Fwp%2Fv2%2Fcomments&post=111"}],"version-history":[{"count":170,"href":"https:\/\/www.hoppes.hamburg\/index.php?rest_route=\/wp\/v2\/pages\/111\/revisions"}],"predecessor-version":[{"id":1304,"href":"https:\/\/www.hoppes.hamburg\/index.php?rest_route=\/wp\/v2\/pages\/111\/revisions\/1304"}],"wp:attachment":[{"href":"https:\/\/www.hoppes.hamburg\/index.php?rest_route=%2Fwp%2Fv2%2Fmedia&parent=111"}],"curies":[{"name":"wp","href":"https:\/\/api.w.org\/{rel}","templated":true}]}}